{"id":7,"date":"2015-07-05T12:59:29","date_gmt":"2015-07-05T12:59:29","guid":{"rendered":"http:\/\/localhost\/wordpress\/?page_id=7"},"modified":"2024-01-03T22:20:05","modified_gmt":"2024-01-03T22:20:05","slug":"anwendungen","status":"publish","type":"page","link":"https:\/\/www.wohlfuehlen.li\/?page_id=7","title":{"rendered":"Anwendungen"},"content":{"rendered":"<p>* = EMR-Krankenkassenanerkannt<\/p>\n<p><strong>Business-Massage *<\/strong><\/p>\n<p><a href=\"http:\/\/wohlfuehlen.li\/wp-content\/uploads\/2015\/07\/IMG_4011_NEU.jpg\"><img loading=\"lazy\" decoding=\"async\" class=\"image_right alignright wp-image-152 size-medium\" src=\"http:\/\/wohlfuehlen.li\/wp-content\/uploads\/2015\/07\/IMG_4011_NEU-300x200.jpg\" alt=\"IMG_4011_NEU\" width=\"300\" height=\"200\" srcset=\"https:\/\/www.wohlfuehlen.li\/wp-content\/uploads\/2015\/07\/IMG_4011_NEU-300x200.jpg 300w, https:\/\/www.wohlfuehlen.li\/wp-content\/uploads\/2015\/07\/IMG_4011_NEU.jpg 1024w\" sizes=\"auto, (max-width: 300px) 100vw, 300px\" \/><\/a>Eine Massage vermag mehr als nur auf der Muskelebene zu wirken, das haben auch vorausschauende Arbeitgeber erkannt. Immer mehr Unternehmer investieren in eine betriebliche Gesundheitsf\u00f6rderung.<\/p>\n<p>Die perfekte Massage, um in kurzer Zeit Stress abzubauen. Diese Behandlung wird in der Mittagspause angeboten und dauert ca. 30 Minuten. Verspannungen in R\u00fccken, Nacken und Schultern werden gelockert und Sie werden mit mehr Vitalit\u00e4t an den Arbeitsplatz zur\u00fcckkehren.<\/p>\n<p>Dauer:\u00a0 ca. 30 Minuten<\/p>\n<p>Preis:\u00a0\u00a0\u00a0 CHF 54.-<\/p>\n<p><strong>Dorn Methode \/ Breuss-Massage<\/strong><\/p>\n<p>Die meisten Schmerzen, welche wir im Bewegungsapparat versp\u00fcren sind auf ein unausgeglichenes Becken zur\u00fcckzuf\u00fchren. Diese Fehlstellungen beruhen auf einer Verschiebung des Oberschenkelkopfes im H\u00fcftgelenk mit nachfolgenden H\u00f6henunterschiede und Verdrehungen in der Wirbels\u00e4ule. Bei der Dorn Methode \/ Breuss-Massage werden Wirbels\u00e4ule und Bandscheiben gest\u00e4rkt und Muskelverspannungen sowie Blockaden sanft gel\u00f6st. Zuerst wird der Beinl\u00e4ngenausgleich korrigiert und die Gelenke wieder in die richtige Position gebracht. Bei dieser\u00a0Behandlung handelt es sich um eine sehr effektive aber r\u00fcckenschonende Massage der Wirbels\u00e4ule entlang.<\/p>\n<p>Dauer:\u00a0 ca. 60 Minuten<\/p>\n<p>Preis:\u00a0\u00a0\u00a0 CHF 108.-<\/p>\n<p><strong>Fussreflexzonen-Massage *<\/strong><\/p>\n<p>I<img loading=\"lazy\" decoding=\"async\" class=\"image_right alignright wp-image-39 size-medium\" src=\"http:\/\/wohlfuehlen.li\/wp-content\/uploads\/2015\/07\/IMG_4031_NEU-300x200.jpg\" alt=\"IMG_4031_NEU\" width=\"300\" height=\"200\" srcset=\"https:\/\/www.wohlfuehlen.li\/wp-content\/uploads\/2015\/07\/IMG_4031_NEU-300x200.jpg 300w, https:\/\/www.wohlfuehlen.li\/wp-content\/uploads\/2015\/07\/IMG_4031_NEU.jpg 1024w\" sizes=\"auto, (max-width: 300px) 100vw, 300px\" \/>n unseren F\u00fcssen spiegelt sich der gesamte K\u00f6rper wider. Die Stimulation der Reflexpunkte am Fuss hat sich bei verschiedenen Erkrankungen (z.B. Probleme des Verdauungsapparates, Kopfschmerzen, Zyklusst\u00f6rungen oder lymphatischen Belastungen) bew\u00e4hrt. Zudem wirkt diese Behandlung entschlackend und entgiftend auf den K\u00f6rper. Die Selbstheilungskr\u00e4fte werden aktiviert und das Abwehrsystem gest\u00e4rkt.<\/p>\n<p>Dauer:\u00a0 ca. 60 Minuten<\/p>\n<p>Preis:\u00a0\u00a0\u00a0 CHF 108.-<\/p>\n<p><strong>Ganzk\u00f6rper-Massage *<\/strong><\/p>\n<p>Bei dieser Ganzk\u00f6rperbehandlung werden Sie von Kopf bis Fuss mit einer aktivierenden und lockeren Massage verw\u00f6hnt. Zus\u00e4tzlich werden Verspannungen mit dem Schr\u00f6pfglas gel\u00f6st und der Stoffwechsel angeregt. Eine tiefgehende Massage mit Arnika\u00f6l.<\/p>\n<p>Dauer:\u00a0 ca. 75 Minuten<\/p>\n<p>Preis:\u00a0\u00a0\u00a0 CHF 135.-<\/p>\n<p><strong>Intensive, kr\u00e4ftigende Ganzk\u00f6rper-Massage *<\/strong><\/p>\n<p>Tiefgehende Massage aus Arnika- und Johanniskraut\u00f6l f\u00fcr verspannte Waden und m\u00fcde Knochen. Die Sauerstoffaufnahme wird erh\u00f6ht, der Abtransport der Milchs\u00e4ure verbessert und die Muskeln werden wieder leistungsf\u00e4hig. Nachruhezeit 10 Minuten.<\/p>\n<p>Dauer:\u00a0 ca. 75 Minuten<\/p>\n<p>Preis:\u00a0\u00a0\u00a0 CHF 135.-<\/p>\n<p><strong>Klassische Massage f\u00fcr Kinder und Jugendliche bis ca. 16 Jahre\u00a0*<\/strong><\/p>\n<p><a href=\"http:\/\/www.wohlfuehlen.li\/wp-content\/uploads\/2015\/07\/Unbenannt-12_NEU.jpg\"><img loading=\"lazy\" decoding=\"async\" class=\"image_right alignright wp-image-40 size-medium\" src=\"http:\/\/www.wohlfuehlen.li\/wp-content\/uploads\/2015\/07\/Unbenannt-12_NEU-300x174.jpg\" alt=\"Unbenannt-12_NEU\" width=\"300\" height=\"174\" srcset=\"https:\/\/www.wohlfuehlen.li\/wp-content\/uploads\/2015\/07\/Unbenannt-12_NEU-300x174.jpg 300w, https:\/\/www.wohlfuehlen.li\/wp-content\/uploads\/2015\/07\/Unbenannt-12_NEU.jpg 1024w\" sizes=\"auto, (max-width: 300px) 100vw, 300px\" \/><\/a>Der Leistungsdruck in der Schule wird immer gr\u00f6sser. Viele Kinder und Jugendliche sind reiz\u00fcberflutet, leiden unter Schlafst\u00f6rungen, Bauch-, Kopf- und R\u00fcckenschmerzen und sind \u00fcberfordert. Massagen festigen das Urvertrauen und Geborgenheitsgef\u00fchl, bauen Stress ab, f\u00f6rdern die motorischen F\u00e4higkeiten und das K\u00f6rperbewusstsein und\u00a0verringern die Ein- und Durchschlafschwierigkeiten.<\/p>\n<p>Bei dieser Massage wird auf die W\u00fcnsche des Kindes eingegangen.<\/p>\n<p>Dauer:\u00a0 ca. 30 Minuten<\/p>\n<p>Preis:\u00a0\u00a0\u00a0 CHF 27.-<\/p>\n<p><strong>Teilk\u00f6rper-Massage *<\/strong><\/p>\n<p>Entscheiden Sie selbst, wo Sie eine Massage ben\u00f6tigen. Nach Absprache geniessen Sie ihre individuelle Massage, deren Schwerpunkt auf Ihre Bed\u00fcrfnisse zugeschnitten ist (z.B. R\u00fccken, Nacken, Arme und Kopfmassage.) Eine Wohltat f\u00fcr K\u00f6rper und Seele.<\/p>\n<p>Dauer:\u00a0 ca. 45 Minuten (ohne Kopfmassage)<\/p>\n<p>Preis:\u00a0\u00a0\u00a0 CHF 81.-<\/p>\n<p>Dauer:\u00a0 ca. 60 Minuten (mit Kopfmassage)<\/p>\n<p>Preis:\u00a0\u00a0\u00a0 CHF 108.-<\/p>\n<p><strong>Trigger-Punkte l\u00f6sen inkl. R\u00fccken-Massage<\/strong><\/p>\n<p><img loading=\"lazy\" decoding=\"async\" class=\"image_right alignright wp-image-41 size-medium\" src=\"http:\/\/wohlfuehlen.li\/wp-content\/uploads\/2015\/07\/IMG_4010_NEU-300x200.jpg\" alt=\"IMG_4010_NEU\" width=\"300\" height=\"200\" srcset=\"https:\/\/www.wohlfuehlen.li\/wp-content\/uploads\/2015\/07\/IMG_4010_NEU-300x200.jpg 300w, https:\/\/www.wohlfuehlen.li\/wp-content\/uploads\/2015\/07\/IMG_4010_NEU.jpg 1024w\" sizes=\"auto, (max-width: 300px) 100vw, 300px\" \/>Diese Massage wird urspr\u00fcnglich zur Linderung von schmerzhaften Muskelverspannungen und Verh\u00e4rtungen eingesetzt. Hier werden verschiedene K\u00f6rperzonen (z.B. Po, Oberschenkel, Schienbein, Arme, Schulterbl\u00e4tter, R\u00fccken) behandelt. Trigger k\u00f6nnen nicht nur Schmerzen hervorrufen, sondern auch\u00a0Kribbeln, Taubheit, Schweregef\u00fchle und Muskelverkrampfungen. Zudem k\u00f6nnen Trigger\u00a0Muskeln,\u00a0Sehnen,\u00a0Sehnenans\u00e4tze,\u00a0Gelenke\u00a0oder\u00a0Bandscheiben sch\u00e4digen.<\/p>\n<p>Dauer:\u00a0 ca. 75 Minuten<\/p>\n<p>Preis:\u00a0\u00a0\u00a0 CHF 135.-<\/p>\n<p><strong>Energie-Massage *<\/strong><\/p>\n<p>Der harmonische Fluss der Energie wird aktiviert und wirkt in der Tiefe auf k\u00f6rperlicher wie auch emotionaler Ebene. Geniessen Sie die tiefe, innere Ruhe, Ihren wohlig entspannten K\u00f6rper und sp\u00fcren Sie ein v\u00f6llig neues Lebensgef\u00fchl. Ihr R\u00fccken wird mit langsamen, sanften und intensiven Streichungen unter Verwendung von pflegendem Basis\u00f6l (z.B. Mandel Jojoba) angereichert mit wohl duftenden, naturreinen \u00e4therischen warmen \u00d6len wie Bergamotte, Atlas, Zeder oder Melisse massiert. Nachruhezeit 10 Minuten.<\/p>\n<p>Durch diese Massage werden Blockaden gel\u00f6st und Energie freigesetzt (z.B. bei Ersch\u00f6pfung, Migr\u00e4ne, R\u00fcckeschmerzen, Schleudertrauma, Verspannungen oder Schlafst\u00f6rungen).<\/p>\n<p>Bei Kopfschmerzen oder Migr\u00e4ne empfehle ich eine Behandlung von 6 bis 8 Sitzungen.<\/p>\n<p>Dauer:\u00a0 ca. 60 Minuten<\/p>\n<p>Preis:\u00a0\u00a0\u00a0 CHF 108.-<\/p>\n<p><strong>R\u00fccken-Massage *<\/strong><\/p>\n<p><img loading=\"lazy\" decoding=\"async\" class=\"image_right alignright wp-image-42 size-medium\" src=\"http:\/\/wohlfuehlen.li\/wp-content\/uploads\/2015\/07\/IMG_3988_NEU-300x200.jpg\" alt=\"IMG_3988_NEU\" width=\"300\" height=\"200\" srcset=\"https:\/\/www.wohlfuehlen.li\/wp-content\/uploads\/2015\/07\/IMG_3988_NEU-300x200.jpg 300w, https:\/\/www.wohlfuehlen.li\/wp-content\/uploads\/2015\/07\/IMG_3988_NEU.jpg 1024w\" sizes=\"auto, (max-width: 300px) 100vw, 300px\" \/>Jede Alltagslast wird auf den R\u00fccken getragen. Die Wirbels\u00e4ule, \u201egoldene S\u00e4ule\u201e der Gesundheit genannt, verdient eine besondere Behandlung mit warmen Massage\u00f6l.<\/p>\n<p>Dauer:\u00a0 ca. 45 Minuten<\/p>\n<p>Preis:\u00a0\u00a0\u00a0 CHF 81.-<\/p>\n<p>Dauer:\u00a0 ca. 60 Minuten (kombiniert mit Schr\u00f6pfen)<\/p>\n<p>Preis:\u00a0\u00a0\u00a0 CHF 108.-<\/p>\n<p>Dauer:\u00a0 ca. 60 Minuten (kombiniert mit einer Kopfmassage)<\/p>\n<p>Preis:\u00a0\u00a0\u00a0 CHF 108.-<\/p>\n<p><strong>Narbenentst\u00f6rung<\/strong><\/p>\n<p>Unsch\u00f6ne Narben und Dellen k\u00f6nnen im K\u00f6rper Schmerzen ausl\u00f6sen, auch Jahre sp\u00e4ter.<\/p>\n<p>Das Narbengewebe wird massiert und Verklebungen und Blockaden gel\u00f6st, damit der Energiefluss besser fliessen kann, und das Gewebe wieder weich und glatt wird.<\/p>\n<p>Dauer:\u00a0 ca. 30 Minuten<\/p>\n<p>Preis:\u00a0\u00a0\u00a0 CHF 54.-<\/p>\n<p><strong>Fusspflege \u2013 Pedicure Angebot<\/strong><\/p>\n<p><a href=\"http:\/\/www.wohlfuehlen.li\/wp-content\/uploads\/2015\/07\/IMG_0844.jpg\"><img loading=\"lazy\" decoding=\"async\" class=\"image_right alignright wp-image-274 size-medium\" src=\"http:\/\/www.wohlfuehlen.li\/wp-content\/uploads\/2015\/07\/IMG_0844-300x225.jpg\" alt=\"IMG_0844\" width=\"300\" height=\"225\" srcset=\"https:\/\/www.wohlfuehlen.li\/wp-content\/uploads\/2015\/07\/IMG_0844-300x225.jpg 300w, https:\/\/www.wohlfuehlen.li\/wp-content\/uploads\/2015\/07\/IMG_0844-1024x768.jpg 1024w\" sizes=\"auto, (max-width: 300px) 100vw, 300px\" \/><\/a>Wussten Sie, dass der menschliche Fuss aus 26 Knochen, 107 B\u00e4ndern und 19 Muskeln besteht? Sie tragen uns tagein, tagaus und wir schenken ihnen kaum Beachtung. Gesunde F\u00fcsse geh\u00f6ren zum heutigen gepflegt sein dazu. Zu enge Schuhe, ein falsch oder zu kurz geschnittener Nagel oder chronische Fehlbildungen der Zehenn\u00e4gel k\u00f6nnen Teile des Nagels in die Haut einwachsen lassen. Das verursacht unertr\u00e4gliche Schmerzen, Entz\u00fcndungen, eitrige Geschw\u00fclste und kann in den schlimmsten F\u00e4llen bis zum Verlust des Nagels f\u00fchren. Wer nicht jeden Tag f\u00fcr die Gesundheit der F\u00fcsse Zeit aufbringt, muss eines Tages f\u00fcr die Krankheit b\u00fcssen.<\/p>\n<p>Nehmen Sie sich Zeit und g\u00f6nnen Sie Ihren F\u00fcssen eine regelm\u00e4ssige professionelle Fusspflege. Geniessen Sie die Erholung des Wohlbefindens und der Entspannung. Ihre F\u00fcsse werden es Ihnen danken.<\/p>\n<p>Als diplomierte Fusspflegerin, ausgestattet mit den modernsten Arbeitsger\u00e4ten, kann ich Ihnen bei vielen Fuss- und Nagelproblemen weiterhelfen.<\/p>\n<p><strong>Fusspflege Paket:<\/strong><\/p>\n<p><a href=\"http:\/\/www.wohlfuehlen.li\/wp-content\/uploads\/2015\/07\/IMG_0895.jpg\"><img loading=\"lazy\" decoding=\"async\" class=\"image_right alignright wp-image-272 size-medium\" src=\"http:\/\/www.wohlfuehlen.li\/wp-content\/uploads\/2015\/07\/IMG_0895-300x225.jpg\" alt=\"IMG_0895\" width=\"300\" height=\"225\" srcset=\"https:\/\/www.wohlfuehlen.li\/wp-content\/uploads\/2015\/07\/IMG_0895-300x225.jpg 300w, https:\/\/www.wohlfuehlen.li\/wp-content\/uploads\/2015\/07\/IMG_0895-1024x768.jpg 1024w\" sizes=\"auto, (max-width: 300px) 100vw, 300px\" \/><\/a>Fussbad, Zuckerpeeling, N\u00e4gel k\u00fcrzen, Nagelfalz reinigen, H\u00e4utchen entfernen, Nagel polieren, Hornhaut entfernen und zum Schluss\u00a0gibt es eine\u00a0Fussmassage mit einer wohlriechenden Massagecr\u00e8me oder eine Fussmaske.<\/p>\n<p>Dauer:\u00a0 ca. 60 &#8211; 90 Minuten<\/p>\n<p>Preis:\u00a0\u00a0\u00a0 CHF 90.-<\/p>\n<p>Dauer:\u00a0 ca. 60 &#8211; 90 Minuten (inkl. N\u00e4gel lackieren, aber ohne Fussmassage)<\/p>\n<p>Preis:\u00a0\u00a0\u00a0 CHF 95.-<\/p>\n<p><span style=\"color: #ff0000;\"><strong>Ab sofort biete ich eine fahrbare kosmetische Fusspflege an.<\/strong><\/span><\/p>\n<p><span style=\"color: #ff0000;\"><strong>Preis: CHF 100.-<\/strong><\/span><\/p>\n","protected":false},"excerpt":{"rendered":"<p>* = EMR-Krankenkassenanerkannt Business-Massage * Eine Massage vermag mehr als nur auf der Muskelebene zu wirken, das haben auch vorausschauende Arbeitgeber erkannt. Immer mehr Unternehmer investieren in eine betriebliche Gesundheitsf\u00f6rderung. Die perfekte Massage, um in kurzer Zeit Stress abzubauen. Diese Behandlung wird in der Mittagspause angeboten und dauert ca. 30 Minuten. Verspannungen in R\u00fccken, Nacken [&hellip;]<\/p>\n","protected":false},"author":1,"featured_media":0,"parent":0,"menu_order":1,"comment_status":"open","ping_status":"open","template":"","meta":{"footnotes":""},"class_list":["post-7","page","type-page","status-publish","hentry"],"_links":{"self":[{"href":"https:\/\/www.wohlfuehlen.li\/index.php?rest_route=\/wp\/v2\/pages\/7","targetHints":{"allow":["GET"]}}],"collection":[{"href":"https:\/\/www.wohlfuehlen.li\/index.php?rest_route=\/wp\/v2\/pages"}],"about":[{"href":"https:\/\/www.wohlfuehlen.li\/index.php?rest_route=\/wp\/v2\/types\/page"}],"author":[{"embeddable":true,"href":"https:\/\/www.wohlfuehlen.li\/index.php?rest_route=\/wp\/v2\/users\/1"}],"replies":[{"embeddable":true,"href":"https:\/\/www.wohlfuehlen.li\/index.php?rest_route=%2Fwp%2Fv2%2Fcomments&post=7"}],"version-history":[{"count":48,"href":"https:\/\/www.wohlfuehlen.li\/index.php?rest_route=\/wp\/v2\/pages\/7\/revisions"}],"predecessor-version":[{"id":444,"href":"https:\/\/www.wohlfuehlen.li\/index.php?rest_route=\/wp\/v2\/pages\/7\/revisions\/444"}],"wp:attachment":[{"href":"https:\/\/www.wohlfuehlen.li\/index.php?rest_route=%2Fwp%2Fv2%2Fmedia&parent=7"}],"curies":[{"name":"wp","href":"https:\/\/api.w.org\/{rel}","templated":true}]}}